4691045?
True
Is 41555956 a multiple of 48?
False
Does 24 divide 1881901133?
False
Does 62 divide 1531008842?
True
Is 1114247 a multiple of 382?
False
Is 10 a factor of 4180680?
True
Is 141984419 a multiple of 26?
False
Is 68 a factor of 10228009?
False
Does 71 divide 12012068?
False
Is 256 a factor of 701407026?
False
Does 309 divide 126134743?
False
Is 1036747223 a multiple of 59?
False
Does 14 divide 627200?
True
Is 21113917 a multiple of 2929?
False
Is 701701090 a multiple of 415?
True
Is 875 a factor of 87611125?
True
Is 16841 a factor of 6625064149?
True
Is 443 a factor of 25135621?
False
Is 520753920 a multiple of 384?
True
Is 157038870 a multiple of 655?
True
Does 60 divide 35830200?
True
Is 1388 a factor of 20704796?
True
Is 119780440 a multiple of 1352?
True
Does 9 divide 2598047442?
True
Is 15140 a factor of 7918855880?
True
Is 6547827692 a multiple of 24?
False
Is 719184001 a multiple of 1229?
False
Is 211094826 a multiple of 45?
False
Is 41 a factor of 26646966?
True
Does 240 divide 13980240?
True
Does 39 divide 8778705?
True
Is 3 a factor of 22324209?
True
Is 130783477 a multiple of 28?
False
Does 360 divide 160475172?
False
Does 22 divide 326052298?
True
Does 35 divide 1701345?
False
Is 6 a factor of 23764169?
False
Is 55490400 a multiple of 2700?
True
Does 7 divide 3646640?
False
Is 9283955 a multiple of 2965?
False
Is 342306856 a multiple of 119?
False
Is 9702212 a multiple of 102?
False
Is 3035384316 a multiple of 9?
True
Does 29 divide 95040765?
False
Is 598 a factor of 694100992?
True
Is 1230580872 a multiple of 35?
False
Is 132626426 a multiple of 74?
True
Is 322709321 a multiple of 2453?
True
Is 9 a factor of 3250464660?
True
Is 183 a factor of 1509915130?
False
Is 47586396 a multiple of 1452?
True
Does 9 divide 778629629?
False
Is 48303016 a multiple of 19?
True
Does 164 divide 192135199?
False
Is 36 a factor of 180071712?
True
Does 61 divide 105676?
False
Is 1117784820 a multiple of 12?
True
Is 202763233 a multiple of 12?
False
Is 11 a factor of 3454117?
False
Is 698553735 a multiple of 3?
True
Is 1011617863 a multiple of 1217?
True
Is 4859 a factor of 545787175?
True
Is 154145298 a multiple of 5?
False
Does 6 divide 1919634?
True
Is 500 a factor of 506551527?
False
Does 10 divide 167681509?
False
Does 6978 divide 2574086508?
True
Is 23715549 a multiple of 39?
True
Is 27072304 a multiple of 16?
True
Is 162 a factor of 119198219?
False
Is 119942620 a multiple of 43?
False
Does 173 divide 6825713?
False
Does 13 divide 294840117?
True
Is 121 a factor of 47863676?
False
Is 76 a factor of 19461928?
True
Does 6 divide 32664978?
True
Is 53757720 a multiple of 1860?
True
Does 95 divide 12659985?
True
Does 1117 divide 537576356?
True
Is 3285 a factor of 21622617?
False
Is 58 a factor of 517685231?
False
Is 408 a factor of 2965766688?
True
Does 616 divide 158401320?
True
Does 6 divide 496183054?
False
Does 145 divide 6307101?
False
Is 571 a factor of 335093634?
True
Is 37902877 a multiple of 73?
False
Is 251 a factor of 82937592?
False
Is 621341355 a multiple of 285?
False
Does 202 divide 370685756?
True
Is 45 a factor of 367236339?
False
Does 11 divide 1698446?
False
Is 996282700 a multiple of 70?
True
Does 95 divide 119494060?
False
Is 328586671 a multiple of 4?
False
Does 97 divide 2770883570?
True
Does 22 divide 204309402?
True
Does 3135 divide 303080?
False
Does 20 divide 1879140?
True
Does 385 divide 1552883640?
True
Is 11630508 a multiple of 116?
True
Is 201872536 a multiple of 32?
False
Is 1907064956 a multiple of 3574?
True
Does 384 divide 362440704?
True
Does 22 divide 71206028?
False
Does 54 divide 39969666?
True
Does 1261 divide 597834094?
False
Is 194 a factor of 55107477?
False
Is 292 a factor of 3652155?
False
Is 5263 a factor of 60773492?
False
Is 8866148 even?
True
Does 13 divide 105402700?
True
Is 15 a factor of 284245668?
False
Is 11 a factor of 595263339?
True
Is 197579839 a multiple of 67?
False
Is 11164303 a multiple of 17?
False
Is 6134 a factor of 682425902?
True
Does 15 divide 85021230?
True
Does 78 divide 232716503?
False
Is 185879238 even?
True
Is 4090922 a multiple of 32?
False
Is 9 a factor of 1045717430?
False
Is 63 a factor of 264666062?
False
Is 40075950 a multiple of 530?
True
Is 868809125 a multiple of 81?
False
Is 31 a factor of 412392938?
True
Does 282 divide 1041612?
False
Is 2378 a factor of 5605626?
False
Is 724516374 a multiple of 149?
True
Does 7 divide 1997741847?
False
Is 1109 a factor of 45473436?
True
Is 474 a factor of 158198567?
False
Is 120 a factor of 3363605?
False
Does 456 divide 156033168?
True
Does 11 divide 284502042?
True
Is 5 a factor of 17263675?
True
Is 81633899 a multiple of 18?
False
Is 80045320 a multiple of 40?
True
Is 40669503 a multiple of 653?
False
Is 108 a factor of 1470223211?
False
Does 125 divide 1005300375?
True
Is 1039 a factor of 98959341?
False
Is 465268515 a multiple of 5?
True
Is 2375 a factor of 98154000?
True
Is 962577813 a multiple of 692?
False
Is 220543613 a multiple of 11?
False
Is 262100920 a multiple of 1242?
False
Is 10 a factor of 3159200080?
True
Is 25 a factor of 296283577?
False
Does 78 divide 5889312?
True
Is 78988346 a multiple of 114?
False
Is 10 a factor of 2792769?
False
Does 165 divide 383461155?
True
Is 1033151896 a multiple of 1484?
True
Is 323487486 a multiple of 27?
True
Is 948 a factor of 13099464?
True
Does 41 divide 1435615?
True
Does 111 divide 736773267?
True
Is 723355609 a multiple of 50?
False
Does 105 divide 7738290?
True
Is 33 a factor of 450439741?
False
Is 723778767 a multiple of 3?
True
Does 3 divide 77596344?
True
Is 281979173 a multiple of 101?
True
Is 62 a factor of 35702747?
False
Is 31910875 a multiple of 1364?
False
Does 143 divide 88570768?
True
Is 1548 a factor of 301669033?
False
Is 6146 a factor of 860095425?
False
Does 15 divide 33493905?
True
Does 7 divide 775266737?
True
Does 85 divide 6065770?
True
Is 432199049 a multiple of 494?
False
Is 1060056214 a multiple of 334?
True
Is 984746005 a multiple of 1659?
False
Does 781 divide 355546186?
False
Does 1629 divide 505270188?
True
Is 800 a factor of 52761600?
True
Is 570 a factor of 3724643?
False
Does 646 divide 96481122?
False
Does 37 divide 41314977?
True
Is 41 a factor of 430496187?
True
Does 713 divide 235434026?
True
Is 89121032 a multiple of 28?
True
Is 26 a factor of 47521391?
False
Is 2204131943 a multiple of 8681?
True
Is 6539715 a multiple of 273?
True
Is 49 a factor of 6086982?
False
Is 159 a factor of 133537581?
True
Does 153 divide 803875311?
True
Is 6 a factor of 123266775?
False
Is 56 a factor of 278921496?
True
Is 159267219 a multiple of 55?
False
Is 17938272 a multiple of 66?
True
Is 3967952 a multiple of 611?
False
Is 1395945531 a multiple of 51?
True
Does 49 divide 11456151?
True
Is 20 a factor of 29850920?
True
Is 117210280 a multiple of 88?
True
Does 42 divide 469225834?
False
Is 41094093 a multiple of 928?
False
Is 324 a factor of 1047978650?
False
Is 244079616 a multiple of 2046?
True
Is 52 a factor of 153622444?
False
Is 2104 a factor of 66015104?
True
Is 102 a factor of 204928404?
True
Is 2780068 a multiple of 596?
False
Does 1754 divide 15240506?
True
Is 100798062 a multiple of 2027?
False
Is 539 a factor of 2760167842?
False
Is 5863 a factor of 291948085?
True
Is 72880100 a multiple of 230?
True
Is 58459871 a multiple of 45?
False
Is 246335091 a multiple of 42?
False
Is 22 a factor of 170266729?
False
Is 7 a factor of 7804763?
False
Does 23 divide 176586249?
True
Is 52 a factor of 706608812?
True
Does 4 divide 10344876?
True
Is 2913 a factor of 28332677?
False
Is 764134224 a multiple of 168?
True
Does 25 divide 149642400?
True
Does 61 divide 56193265?
False
Is 736 a factor of 136531680?
True
Does 78 divide 151028644?
False
Is 774 a factor of 31085403?
False
Is 64305185 a multiple of 15?
False
Is 424262319 a multiple of 2819?
True
Does 24 divide 2545994592?
True
Is 2047658684 a multiple of 6611?
False
Does 253 divide 51996560?
True
Does 211 divide 7004271?
False
Is 151271209 a multiple of 75?
False
Is 123 a factor of 2777089988?
False
Is 901 a factor of 21710496?
True
Does 21 divide 677798646?
True
Is 353 a factor of 155852677?
True
Is 13308983 a multiple of 28?
False
Does 21 divide 27937421?
False
Is 29 a factor of 667929742?
Fal